{"id":858,"date":"2024-10-21T12:30:53","date_gmt":"2024-10-21T10:30:53","guid":{"rendered":"https:\/\/sklep.superfeet.pl\/?post_type=product&#038;p=858"},"modified":"2024-11-23T11:02:05","modified_gmt":"2024-11-23T09:02:05","slug":"active-cushion-medium-arch","status":"publish","type":"product","link":"https:\/\/sklep.superfeet.pl\/index.php\/product\/active-cushion-medium-arch\/","title":{"rendered":"Active Cushion Medium Arch"},"content":{"rendered":"<p><strong><img loading=\"lazy\" decoding=\"async\" class=\"alignleft wp-image-864 size-full\" src=\"https:\/\/sklep.superfeet.pl\/wp-content\/uploads\/2024\/10\/FL4352_Active_Cushion_Medium_Arch_Insole_Image_View_1_Pair_V01-400x225-d979205d-1759-436b-b76d-a5fc23209005.jpg\" alt=\"\" width=\"400\" height=\"225\" srcset=\"https:\/\/sklep.superfeet.pl\/wp-content\/uploads\/2024\/10\/FL4352_Active_Cushion_Medium_Arch_Insole_Image_View_1_Pair_V01-400x225-d979205d-1759-436b-b76d-a5fc23209005.jpg 400w, https:\/\/sklep.superfeet.pl\/wp-content\/uploads\/2024\/10\/FL4352_Active_Cushion_Medium_Arch_Insole_Image_View_1_Pair_V01-400x225-d979205d-1759-436b-b76d-a5fc23209005-300x169.jpg 300w\" sizes=\"auto, (max-width: 400px) 100vw, 400px\" \/>A.<\/strong><strong>\u00a0TRWA\u0141A KONSTRUKCJA<br \/>\n<\/strong><span lang=\"pl\">Wk\u0142adki Superfeet zachowuj\u0105 sw\u00f3j kszta\u0142t, zapewniaj\u0105c niezawodne podparcie i wygod\u0119 przez 12 miesi\u0119cy lub do 800 km, w zale\u017cno\u015bci od tego, co nast\u0105pi wcze\u015bniej.<\/span><\/p>\n<p><strong>B. MOISTUREWICK\u2122<\/strong><br \/>\nD\u0142ugotrwa\u0142a kontrola zapachu.<\/p>\n<p><strong>C. DYNAMICZNY KSZTA\u0141T<\/strong><br \/>\nWyprofilowany, aby ustabilizowa\u0107 i podeprze\u0107 stop\u0119, zmniejszaj\u0105c nacisk na stawy skokowe i kolanowe.<\/p>\n<p>&nbsp;<\/p>\n<p><strong>D. ELASTYCZNA \u0141O\u017bE NA PI\u0118T\u0118<\/strong><br \/>\n\u0141o\u017ce pi\u0119ty w kszta\u0142cie podkowy zapewnia struktur\u0119 i stabilno\u015b\u0107.<\/p>\n<p><strong>E. WENTYLOWANE PRZODOSTOPIE<\/strong><br \/>\nPoprawia cyrkulacj\u0119 powietrza i oddychalno\u015b\u0107.<\/p>\n<p><strong>F. FREZOWANA KRAW\u0118D\u0179<\/strong><br \/>\nUko\u015bna kraw\u0119d\u017a pianki poprawia dopasowanie w dobrze cia\u015bniejszym obuwiu.<\/p>\n<p><img loading=\"lazy\" decoding=\"async\" class=\"alignnone wp-image-872 size-full\" src=\"https:\/\/sklep.superfeet.pl\/wp-content\/uploads\/2024\/10\/24SF_Run_106-1280x853-f1d6cf8c-6156-4a37-a4d2-044474f2b793.jpg\" alt=\"Active Cushion Medium Arch\" width=\"1280\" height=\"853\" srcset=\"https:\/\/sklep.superfeet.pl\/wp-content\/uploads\/2024\/10\/24SF_Run_106-1280x853-f1d6cf8c-6156-4a37-a4d2-044474f2b793.jpg 1280w, https:\/\/sklep.superfeet.pl\/wp-content\/uploads\/2024\/10\/24SF_Run_106-1280x853-f1d6cf8c-6156-4a37-a4d2-044474f2b793-300x200.jpg 300w, https:\/\/sklep.superfeet.pl\/wp-content\/uploads\/2024\/10\/24SF_Run_106-1280x853-f1d6cf8c-6156-4a37-a4d2-044474f2b793-1024x682.jpg 1024w, https:\/\/sklep.superfeet.pl\/wp-content\/uploads\/2024\/10\/24SF_Run_106-1280x853-f1d6cf8c-6156-4a37-a4d2-044474f2b793-768x512.jpg 768w, https:\/\/sklep.superfeet.pl\/wp-content\/uploads\/2024\/10\/24SF_Run_106-1280x853-f1d6cf8c-6156-4a37-a4d2-044474f2b793-930x620.jpg 930w, https:\/\/sklep.superfeet.pl\/wp-content\/uploads\/2024\/10\/24SF_Run_106-1280x853-f1d6cf8c-6156-4a37-a4d2-044474f2b793-600x400.jpg 600w\" sizes=\"auto, (max-width: 1280px) 100vw, 1280px\" \/><\/p>\n","protected":false},"excerpt":{"rendered":"<p>Superfeet\u00ae Active Cushion Medium Arch s\u0105 idealne do wszelkich aktywno\u015bci i zaprojektowane dla st\u00f3p o \u015bredniej wysoko\u015bci \u0142uku, co jest najcz\u0119\u015bciej spotykanym typem. Lekko ustrukturyzowane wsparcie z naszej opatentowanej technologii Adaptive Comfort\u2122 dostosowuje si\u0119 do naturalnego ruchu stopy, zapewniaj\u0105c niesamowity komfort podczas chodzenia, biegania lub uprawiania ulubionego sportu.<\/p>\n","protected":false},"featured_media":865,"template":"","meta":{"neve_meta_sidebar":"","neve_meta_container":"full-width","neve_meta_enable_content_width":"off","neve_meta_content_width":0,"neve_meta_title_alignment":"","neve_meta_author_avatar":"","neve_post_elements_order":"","neve_meta_disable_header":"","neve_meta_disable_footer":"","neve_meta_disable_title":""},"product_cat":[15,25,20,40,41,26,28,39],"product_tag":[],"class_list":["post-858","product","type-product","status-publish","has-post-thumbnail","hentry","product_cat-wszystkie","product_cat-bieganie","product_cat-codzienne","product_cat-damskie","product_cat-meskie","product_cat-outdoor","product_cat-pilka-nozna-hokej-rolki","product_cat-w-pracy-i-na-budowie"],"_links":{"self":[{"href":"https:\/\/sklep.superfeet.pl\/index.php\/wp-json\/wp\/v2\/product\/858","targetHints":{"allow":["GET"]}}],"collection":[{"href":"https:\/\/sklep.superfeet.pl\/index.php\/wp-json\/wp\/v2\/product"}],"about":[{"href":"https:\/\/sklep.superfeet.pl\/index.php\/wp-json\/wp\/v2\/types\/product"}],"wp:featuredmedia":[{"embeddable":true,"href":"https:\/\/sklep.superfeet.pl\/index.php\/wp-json\/wp\/v2\/media\/865"}],"wp:attachment":[{"href":"https:\/\/sklep.superfeet.pl\/index.php\/wp-json\/wp\/v2\/media?parent=858"}],"wp:term":[{"taxonomy":"product_cat","embeddable":true,"href":"https:\/\/sklep.superfeet.pl\/index.php\/wp-json\/wp\/v2\/product_cat?post=858"},{"taxonomy":"product_tag","embeddable":true,"href":"https:\/\/sklep.superfeet.pl\/index.php\/wp-json\/wp\/v2\/product_tag?post=858"}],"curies":[{"name":"wp","href":"https:\/\/api.w.org\/{rel}","templated":true}]}}