{"id":461,"date":"2020-12-01T12:58:42","date_gmt":"2020-12-01T10:58:42","guid":{"rendered":"https:\/\/sklep.superfeet.pl\/?page_id=461"},"modified":"2020-12-01T12:58:48","modified_gmt":"2020-12-01T10:58:48","slug":"kontakt","status":"publish","type":"page","link":"https:\/\/sklep.superfeet.pl\/index.php\/kontakt\/","title":{"rendered":"Kontakt"},"content":{"rendered":"\n<h3 class=\"wp-block-heading\">Dane firmy<\/h3>\n\n\n\n<p><strong>GRUPA SZAFRA\u0143SKI S.C. Marcin Szafra\u0144ski Ewa Szafra\u0144ska<\/strong><br>CEIDG: 52464, 52456<br>NIP: 547-19-76-513<br>REGON: 072860583<br>Siedziba: Al. Gen. W\u0142. Andersa 4<\/p>\n\n\n\n<p><strong>Prowadzimy sprzeda\u017c bezpo\u015bredni\u0105 w siedzibie firmy.<\/strong><\/p>\n\n\n\n<h3 class=\"wp-block-heading\">Numer konta<\/h3>\n\n\n\n<p>GRUPA SZAFRA\u0143SKI S.C. Marcin Szafra\u0144ski Ewa Szafra\u0144ska<br>MBank<br><strong>72 1140 2017 0000 4802 1309 9007<\/strong><\/p>\n\n\n\n<h3 class=\"wp-block-heading\">Kontakt<\/h3>\n\n\n\n<p><strong>Pon.-pt.<\/strong> w godz. <strong>9:00-16:00<\/strong><br><strong>Tel.:<\/strong> +48 \/ 33 4862 666<br><strong>Tel. kom.:<\/strong> +48 \/ 533 770 450\u00a0<br><strong>E-mail:<\/strong> <a href=\"mailto:info@supersklep.pl\">info@superfeet,pl<\/a><\/p>\n","protected":false},"excerpt":{"rendered":"<p>Dane firmy GRUPA SZAFRA\u0143SKI S.C. Marcin Szafra\u0144ski Ewa Szafra\u0144skaCEIDG: 52464, 52456NIP: 547-19-76-513REGON: 072860583Siedziba: Al. Gen. W\u0142. Andersa 4 Prowadzimy sprzeda\u017c bezpo\u015bredni\u0105 w siedzibie firmy. Numer konta GRUPA SZAFRA\u0143SKI S.C. Marcin Szafra\u0144ski Ewa Szafra\u0144skaMBank72 1140 2017 0000 4802 1309 9007 Kontakt Pon.-pt. w godz. 9:00-16:00Tel.: +48 \/ 33 4862 666Tel. kom.: +48 \/ 533 770 450\u00a0E-mail:&hellip;&nbsp;<a href=\"https:\/\/sklep.superfeet.pl\/index.php\/kontakt\/\" rel=\"bookmark\">Dowiedz si\u0119 wi\u0119cej &raquo;<span class=\"screen-reader-text\">Kontakt<\/span><\/a><\/p>\n","protected":false},"author":2,"featured_media":0,"parent":0,"menu_order":0,"comment_status":"closed","ping_status":"closed","template":"","meta":{"neve_meta_sidebar":"full-width","neve_meta_container":"","neve_meta_enable_content_width":"on","neve_meta_content_width":100,"neve_meta_title_alignment":"","neve_meta_author_avatar":"","neve_post_elements_order":"","neve_meta_disable_header":"","neve_meta_disable_footer":"","neve_meta_disable_title":"","footnotes":""},"class_list":["post-461","page","type-page","status-publish","hentry"],"_links":{"self":[{"href":"https:\/\/sklep.superfeet.pl\/index.php\/wp-json\/wp\/v2\/pages\/461","targetHints":{"allow":["GET"]}}],"collection":[{"href":"https:\/\/sklep.superfeet.pl\/index.php\/wp-json\/wp\/v2\/pages"}],"about":[{"href":"https:\/\/sklep.superfeet.pl\/index.php\/wp-json\/wp\/v2\/types\/page"}],"author":[{"embeddable":true,"href":"https:\/\/sklep.superfeet.pl\/index.php\/wp-json\/wp\/v2\/users\/2"}],"replies":[{"embeddable":true,"href":"https:\/\/sklep.superfeet.pl\/index.php\/wp-json\/wp\/v2\/comments?post=461"}],"version-history":[{"count":1,"href":"https:\/\/sklep.superfeet.pl\/index.php\/wp-json\/wp\/v2\/pages\/461\/revisions"}],"predecessor-version":[{"id":462,"href":"https:\/\/sklep.superfeet.pl\/index.php\/wp-json\/wp\/v2\/pages\/461\/revisions\/462"}],"wp:attachment":[{"href":"https:\/\/sklep.superfeet.pl\/index.php\/wp-json\/wp\/v2\/media?parent=461"}],"curies":[{"name":"wp","href":"https:\/\/api.w.org\/{rel}","templated":true}]}}